{"id":4700,"date":"2020-08-28T17:46:20","date_gmt":"2020-08-28T15:46:20","guid":{"rendered":"https:\/\/veitvogel.de\/CE2\/?page_id=4700"},"modified":"2020-09-02T09:26:34","modified_gmt":"2020-09-02T07:26:34","slug":"impressum","status":"publish","type":"page","link":"https:\/\/www.veitvogel.de\/CE2\/impressum\/","title":{"rendered":"IMPRESSUM"},"content":{"rendered":"<div class=\"brz-root__container brz-reset-all\">\n<section data-uid=\"ybwdujnaehrcdqrlffxrybhmrfgcefpumodq\" id=\"ybwdujnaehrcdqrlffxrybhmrfgcefpumodq\" class=\"brz-section brz-css-ictys\">\n<div class=\"brz-section__items\">\n<div class=\"brz-section__content brz-section--boxed\" data-custom-id=\"uaxhlzzhaiflczvontoebzsbdjekmconvpqz\">\n<div class=\"brz-bg brz-css-vbygo brz-css-mzbvw\">\n<div class=\"brz-bg-media\">\n<div class=\"brz-bg-color\"><\/div>\n<\/div>\n<div class=\"brz-bg-content\">\n<div class=\"brz-container__wrap brz-css-flvkx\">\n<div class=\"brz-container brz-css-yeydn\">\n<div class=\"brz-row__container brz-css-zbarl\" data-custom-id=\"vlwcaxngvopayyjehcczqcdlvwnzidylzrmf\">\n<div class=\"brz-bg brz-flex-xs-wrap brz-row__bg brz-css-dkkmp\">\n<div class=\"brz-bg-content\">\n<div class=\"brz-row brz-css-xpygu brz-css-yhfmw\">\n<div class=\"brz-columns brz-css-dylfd brz-css-hluce\" data-custom-id=\"igvpsgwmuolspxhusrkqdrnyzaaayxfahdub\">\n<div class=\"brz-bg brz-css-oiiip brz-css-vblwq\">\n<div class=\"brz-bg-content\">\n<div class=\"brz-css-gnipc brz-wrapper\">\n<div class=\"brz-d-xs-flex brz-css-tbpvq\">\n<div class=\"brz-rich-text brz-css-pcggs\" data-custom-id=\"xnqzzljlrhcluwhfsunugyjttznijvffbyml\">\n<p class=\"brz-lh-xs-im-2 brz-lh-sm-im-2 brz-lh-lg-1_9 brz-fs-xs-im-19 brz-fs-sm-im-19 brz-fs-lg-18 brz-ft-google brz-ff-montserrat brz-ls-lg-0 brz-ls-sm-im-undefined brz-ls-xs-im-0 brz-fw-lg-400 brz-fw-sm-im-400 brz-fw-xs-im-400\"><span class=\"brz-cp-color7\"> IMPRESSUM<\/span><\/p>\n<p class=\"brz-lh-xs-im-2 brz-lh-sm-im-2 brz-lh-lg-1_9 brz-fs-xs-im-19 brz-fs-sm-im-19 brz-fs-lg-18 brz-ft-google brz-ff-montserrat brz-ls-lg-0 brz-ls-sm-im-undefined brz-ls-xs-im-0 brz-fw-lg-400 brz-fw-sm-im-400 brz-fw-xs-im-400\"><span class=\"brz-cp-color7\"> <\/span><\/p>\n<p class=\"brz-lh-xs-im-2 brz-lh-sm-im-2 brz-lh-lg-1_9 brz-fs-xs-im-19 brz-fs-sm-im-19 brz-fs-lg-18 brz-ft-google brz-ff-montserrat brz-ls-lg-0 brz-ls-sm-im-undefined brz-ls-xs-im-0 brz-fw-lg-400 brz-fw-sm-im-400 brz-fw-xs-im-400\"><span class=\"brz-cp-color7\">Angaben gem\u00e4\u00df \u00a7 5 TMG:<\/span><\/p>\n<p class=\"brz-lh-xs-im-2 brz-lh-sm-im-2 brz-lh-lg-1_9 brz-fs-xs-im-19 brz-fs-sm-im-19 brz-fs-lg-18 brz-ft-google brz-ff-montserrat brz-ls-lg-0 brz-ls-sm-im-undefined brz-ls-xs-im-0 brz-fw-lg-400 brz-fw-sm-im-400 brz-fw-xs-im-400\"><span class=\"brz-cp-color7\"> <\/span><\/p>\n<p class=\"brz-lh-xs-im-2 brz-lh-sm-im-2 brz-lh-lg-1_9 brz-fs-xs-im-19 brz-fs-sm-im-19 brz-fs-lg-18 brz-ft-google brz-ff-montserrat brz-ls-lg-0 brz-ls-sm-im-undefined brz-ls-xs-im-0 brz-fw-lg-600 brz-fw-sm-im-600 brz-fw-xs-im-600\"><span class=\"brz-cp-color7\">Conrad Ebert<\/span><\/p>\n<p class=\"brz-lh-xs-im-2 brz-lh-sm-im-2 brz-lh-lg-1_9 brz-fs-xs-im-19 brz-fs-sm-im-19 brz-fs-lg-18 brz-ft-google brz-ff-montserrat brz-ls-lg-0 brz-ls-sm-im-undefined brz-ls-xs-im-0 brz-fw-lg-400 brz-fw-sm-im-400 brz-fw-xs-im-400\"><span class=\"brz-cp-color7\">Ledenweg 2A<\/span><\/p>\n<p class=\"brz-lh-xs-im-2 brz-lh-sm-im-2 brz-lh-lg-1_9 brz-fs-xs-im-19 brz-fs-sm-im-19 brz-fs-lg-18 brz-ft-google brz-ff-montserrat brz-ls-lg-0 brz-ls-sm-im-undefined brz-ls-xs-im-0 brz-fw-lg-400 brz-fw-sm-im-400 brz-fw-xs-im-400\"><span class=\"brz-cp-color7\">01445 Radebeul<\/span><\/p>\n<p class=\"brz-lh-xs-im-2 brz-lh-sm-im-2 brz-lh-lg-1_9 brz-fs-xs-im-19 brz-fs-sm-im-19 brz-fs-lg-18 brz-ft-google brz-ff-montserrat brz-ls-lg-0 brz-ls-sm-im-undefined brz-ls-xs-im-0 brz-fw-lg-400 brz-fw-sm-im-400 brz-fw-xs-im-400\"><span class=\"brz-cp-color7\">Tel. +49 351 31 21 2003<\/span><\/p>\n<p class=\"brz-lh-xs-im-2 brz-lh-sm-im-2 brz-lh-lg-1_9 brz-fs-xs-im-19 brz-fs-sm-im-19 brz-fs-lg-18 brz-ft-google brz-ff-montserrat brz-ls-lg-0 brz-ls-sm-im-undefined brz-ls-xs-im-0 brz-fw-lg-400 brz-fw-sm-im-400 brz-fw-xs-im-400\"><span class=\"brz-cp-color7\">Tel. +49 173 37 300 35<\/span><\/p>\n<p class=\"brz-lh-xs-im-2 brz-lh-sm-im-2 brz-lh-lg-1_9 brz-fs-xs-im-19 brz-fs-sm-im-19 brz-fs-lg-18 brz-ft-google brz-ff-montserrat brz-ls-lg-0 brz-ls-sm-im-undefined brz-ls-xs-im-0 brz-fw-lg-400 brz-fw-sm-im-400 brz-fw-xs-im-400\"><span class=\"brz-cp-color7\">conrad@conradebert.com<\/span><\/p>\n<p class=\"brz-lh-xs-im-2 brz-lh-sm-im-2 brz-lh-lg-1_9 brz-fs-xs-im-19 brz-fs-sm-im-19 brz-fs-lg-18 brz-ft-google brz-ff-montserrat brz-ls-lg-0 brz-ls-sm-im-undefined brz-ls-xs-im-0 brz-fw-lg-400 brz-fw-sm-im-400 brz-fw-xs-im-400\"><span class=\"brz-cp-color7\"> <\/span><\/p>\n<p class=\"brz-lh-xs-im-2 brz-lh-sm-im-2 brz-lh-lg-1_9 brz-fs-xs-im-19 brz-fs-sm-im-19 brz-fs-lg-18 brz-ft-google brz-ff-montserrat brz-ls-lg-0 brz-ls-sm-im-undefined brz-ls-xs-im-0 brz-fw-lg-600 brz-fw-sm-im-600 brz-fw-xs-im-600\"><span class=\"brz-cp-color7\">Haftung f\u00fcr Inhalte<\/span><\/p>\n<p class=\"brz-lh-xs-im-2 brz-lh-sm-im-2 brz-lh-lg-1_9 brz-fs-xs-im-19 brz-fs-sm-im-19 brz-fs-lg-18 brz-ft-google brz-ff-montserrat brz-ls-lg-0 brz-ls-sm-im-undefined brz-ls-xs-im-0 brz-fw-lg-400 brz-fw-sm-im-400 brz-fw-xs-im-400\"><span class=\"brz-cp-color7\">Als Diensteanbieter sind wir gem\u00e4\u00df \u00a7 7 Abs.1 TMG f\u00fcr eigene Inhalte auf diesen Seiten nach den\u00a0allgemeinen Gesetzen verantwortlich. Nach \u00a7\u00a7 8 bis 10 TMG sind wir als Diensteanbieter jedoch nicht\u00a0verpflichtet, \u00fcbermittelte oder gespeicherte fremde Informationen zu \u00fcberwachen oder nach Umst\u00e4nden\u00a0zu forschen, die auf eine rechtswidrige T\u00e4tigkeit hinweisen.<\/span><\/p>\n<p class=\"brz-lh-xs-im-2 brz-lh-sm-im-2 brz-lh-lg-1_9 brz-fs-xs-im-19 brz-fs-sm-im-19 brz-fs-lg-18 brz-ft-google brz-ff-montserrat brz-ls-lg-0 brz-ls-sm-im-undefined brz-ls-xs-im-0 brz-fw-lg-400 brz-fw-sm-im-400 brz-fw-xs-im-400\"><span class=\"brz-cp-color7\"> Verpflichtungen zur Entfernung oder Sperrung der Nutzung von Informationen nach den allgemeinen\u00a0Gesetzen bleiben hiervon unber\u00fchrt. Eine diesbez\u00fcgliche Haftung ist jedoch erst ab dem Zeitpunkt der\u00a0Kenntnis einer konkreten Rechtsverletzung m\u00f6glich. Bei Bekanntwerden von entsprechenden\u00a0Rechtsverletzungen werden wir diese Inhalte umgehend entfernen.\u00a0\u00a0<\/span><\/p>\n<p class=\"brz-lh-xs-im-2 brz-lh-sm-im-2 brz-lh-lg-1_9 brz-fs-xs-im-19 brz-fs-sm-im-19 brz-fs-lg-18 brz-ft-google brz-ff-montserrat brz-ls-lg-0 brz-ls-sm-im-undefined brz-ls-xs-im-0 brz-fw-lg-400 brz-fw-sm-im-400 brz-fw-xs-im-400\"><span class=\"brz-cp-color7\"> <\/span><\/p>\n<p class=\"brz-lh-xs-im-2 brz-lh-sm-im-2 brz-lh-lg-1_9 brz-fs-xs-im-19 brz-fs-sm-im-19 brz-fs-lg-18 brz-ft-google brz-ff-montserrat brz-ls-lg-0 brz-ls-sm-im-undefined brz-ls-xs-im-0 brz-fw-lg-600 brz-fw-sm-im-600 brz-fw-xs-im-600\"><span class=\"brz-cp-color7\">Haftung f\u00fcr Links<\/span><\/p>\n<p class=\"brz-lh-xs-im-2 brz-lh-sm-im-2 brz-lh-lg-1_9 brz-fs-xs-im-19 brz-fs-sm-im-19 brz-fs-lg-18 brz-ft-google brz-ff-montserrat brz-ls-lg-0 brz-ls-sm-im-undefined brz-ls-xs-im-0 brz-fw-lg-400 brz-fw-sm-im-400 brz-fw-xs-im-400\"><span class=\"brz-cp-color7\">Unser Angebot enth\u00e4lt Links zu externen Websites Dritter, auf deren Inhalte wir keinen Einfluss haben.\u00a0Deshalb k\u00f6nnen wir f\u00fcr diese fremden Inhalte auch keine Gew\u00e4hr \u00fcbernehmen. F\u00fcr die Inhalte der\u00a0verlinkten Seiten ist stets der jeweilige Anbieter oder Betreiber der Seiten verantwortlich. Die verlinkten\u00a0Seiten wurden zum Zeitpunkt der Verlinkung auf m\u00f6gliche Rechtsverst\u00f6\u00dfe \u00fcberpr\u00fcft. Rechtswidrige\u00a0Inhalte waren zum Zeitpunkt der Verlinkung nicht erkennbar. Eine permanente inhaltliche Kontrolle der verlinkten Seiten ist jedoch ohne konkrete Anhaltspunkte einer\u00a0Rechtsverletzung nicht zumutbar. Bei Bekanntwerden von Rechtsverletzungen werden wir derartige Links\u00a0umgehend entfernen.<\/span><\/p>\n<p class=\"brz-lh-xs-im-2 brz-lh-sm-im-2 brz-lh-lg-1_9 brz-fs-xs-im-19 brz-fs-sm-im-19 brz-fs-lg-18 brz-ft-google brz-ff-montserrat brz-ls-lg-0 brz-ls-sm-im-undefined brz-ls-xs-im-0 brz-fw-lg-400 brz-fw-sm-im-400 brz-fw-xs-im-400\"><span class=\"brz-cp-color7\"> <\/span><\/p>\n<p class=\"brz-lh-xs-im-2 brz-lh-sm-im-2 brz-lh-lg-1_9 brz-fs-xs-im-19 brz-fs-sm-im-19 brz-fs-lg-18 brz-ft-google brz-ff-montserrat brz-ls-lg-0 brz-ls-sm-im-undefined brz-ls-xs-im-0 brz-fw-lg-600 brz-fw-sm-im-600 brz-fw-xs-im-600\"><span class=\"brz-cp-color7\">Urheberrecht<\/span><\/p>\n<p class=\"brz-lh-xs-im-2 brz-lh-sm-im-2 brz-lh-lg-1_9 brz-fs-xs-im-19 brz-fs-sm-im-19 brz-fs-lg-18 brz-ft-google brz-ff-montserrat brz-ls-lg-0 brz-ls-sm-im-undefined brz-ls-xs-im-0 brz-fw-lg-400 brz-fw-sm-im-400 brz-fw-xs-im-400\"><span class=\"brz-cp-color7\">Die durch die Seitenbetreiber erstellten Inhalte und Werke auf diesen Seiten unterliegen dem deutschen\u00a0Urheberrecht. Die Vervielf\u00e4ltigung, Bearbeitung, Verbreitung und jede Art der Verwertung au\u00dferhalb der\u00a0Grenzen des Urheberrechtes bed\u00fcrfen der schriftlichen Zustimmung des jeweiligen Autors bzw.\u00a0Erstellers. Downloads und Kopien dieser Seite sind nur f\u00fcr den privaten, nicht kommerziellen Gebrauch\u00a0gestattet. Soweit die Inhalte auf dieser Seite nicht vom Betreiber erstellt wurden, werden die Urheberrechte Dritter\u00a0beachtet. Insbesondere werden Inhalte Dritter als solche gekennzeichnet. Sollten Sie trotzdem auf eine\u00a0Urheberrechtsverletzung aufmerksam werden, bitten wir um einen entsprechenden Hinweis. Bei\u00a0Bekanntwerden von Rechtsverletzungen werden wir derartige Inhalte umgehend entfernen.Quelle: https:\/\/www.e-recht24.de\/impressum-generator.html\u00a0<\/span><\/p>\n<p class=\"brz-lh-xs-im-2 brz-lh-sm-im-2 brz-lh-lg-1_9 brz-fs-xs-im-19 brz-fs-sm-im-19 brz-fs-lg-18 brz-ft-google brz-ff-montserrat brz-ls-lg-0 brz-ls-sm-im-undefined brz-ls-xs-im-0 brz-fw-lg-400 brz-fw-sm-im-400 brz-fw-xs-im-400\"><span class=\"brz-cp-color7\"> <\/span><\/p>\n<p class=\"brz-lh-xs-im-2 brz-lh-sm-im-2 brz-lh-lg-1_9 brz-fs-xs-im-19 brz-fs-sm-im-19 brz-fs-lg-18 brz-ft-google brz-ff-montserrat brz-ls-lg-0 brz-ls-sm-im-undefined brz-ls-xs-im-0 brz-fw-lg-400 brz-fw-sm-im-400 brz-fw-xs-im-400\"><span class=\"brz-cp-color7\">Fotos: Adobe Stock, Valla Yachts Ltd<\/span><\/p>\n<p class=\"brz-lh-xs-im-2 brz-lh-sm-im-2 brz-lh-lg-1_9 brz-fs-xs-im-19 brz-fs-sm-im-19 brz-fs-lg-18 brz-ft-google brz-ff-montserrat brz-ls-lg-0 brz-ls-sm-im-undefined brz-ls-xs-im-0 brz-fw-lg-400 brz-fw-sm-im-400 brz-fw-xs-im-400\"><span class=\"brz-cp-color7\"> <\/span><\/p>\n<p class=\"brz-lh-xs-im-2 brz-lh-sm-im-2 brz-lh-lg-1_9 brz-fs-xs-im-19 brz-fs-sm-im-19 brz-fs-lg-18 brz-ft-google brz-ff-montserrat brz-ls-lg-0 brz-ls-sm-im-undefined brz-ls-xs-im-0 brz-fw-lg-400 brz-fw-sm-im-400 brz-fw-xs-im-400\"><a href=\"https:\/\/veitvogel.de\" target=\"_blank\" class=\"brz-cp-color7 link--external\" data-brz-link-type=\"external\" rel=\"noopener noreferrer\">Design: Veit Vogel \/ veitvogel.de <\/a><\/p>\n<\/div>\n<\/div>\n<\/div>\n<\/div>\n<\/div>\n<\/div>\n<\/div>\n<\/div>\n<\/div>\n<\/div>\n<\/div>\n<\/div>\n<\/div>\n<\/div>\n<\/div>\n<\/div>\n<\/section>\n<\/div>\n<p><!-- t:1599031594 --><\/p>\n","protected":false},"excerpt":{"rendered":"<p>IMPRESSUM Angaben gem\u00e4\u00df \u00a7 5 TMG: Conrad Ebert Ledenweg 2A 01445 Radebeul Tel. +49 351 31 21 2003 Tel. +49 [&hellip;]<\/p>\n","protected":false},"author":1,"featured_media":0,"parent":0,"menu_order":0,"comment_status":"closed","ping_status":"closed","template":"visual-builder-template.php","meta":{"inline_featured_image":false,"site-sidebar-layout":"default","site-content-layout":"","ast-site-content-layout":"","site-content-style":"default","site-sidebar-style":"default","ast-global-header-display":"","ast-banner-title-visibility":"","ast-main-header-display":"","ast-hfb-above-header-display":"","ast-hfb-below-header-display":"","ast-hfb-mobile-header-display":"","site-post-title":"","ast-breadcrumbs-content":"","ast-featured-img":"","footer-sml-layout":"","theme-transparent-header-meta":"","adv-header-id-meta":"","stick-header-meta":"","header-above-stick-meta":"","header-main-stick-meta":"","header-below-stick-meta":"","astra-migrate-meta-layouts":"default","ast-page-background-enabled":"default","ast-page-background-meta":{"desktop":{"background-color":"var(--ast-global-color-4)","background-image":"","background-repeat":"repeat","background-position":"center center","background-size":"auto","background-attachment":"scroll","background-type":"","background-media":"","overlay-type":"","overlay-color":"","overlay-opacity":"","overlay-gradient":""},"tablet":{"background-color":"","background-image":"","background-repeat":"repeat","background-position":"center center","background-size":"auto","background-attachment":"scroll","background-type":"","background-media":"","overlay-type":"","overlay-color":"","overlay-opacity":"","overlay-gradient":""},"mobile":{"background-color":"","background-image":"","background-repeat":"repeat","background-position":"center center","background-size":"auto","background-attachment":"scroll","background-type":"","background-media":"","overlay-type":"","overlay-color":"","overlay-opacity":"","overlay-gradient":""}},"ast-content-background-meta":{"desktop":{"background-color":"var(--ast-global-color-5)","background-image":"","background-repeat":"repeat","background-position":"center center","background-size":"auto","background-attachment":"scroll","background-type":"","background-media":"","overlay-type":"","overlay-color":"","overlay-opacity":"","overlay-gradient":""},"tablet":{"background-color":"var(--ast-global-color-5)","background-image":"","background-repeat":"repeat","background-position":"center center","background-size":"auto","background-attachment":"scroll","background-type":"","background-media":"","overlay-type":"","overlay-color":"","overlay-opacity":"","overlay-gradient":""},"mobile":{"background-color":"var(--ast-global-color-5)","background-image":"","background-repeat":"repeat","background-position":"center center","background-size":"auto","background-attachment":"scroll","background-type":"","background-media":"","overlay-type":"","overlay-color":"","overlay-opacity":"","overlay-gradient":""}},"footnotes":""},"class_list":["post-4700","page","type-page","status-publish","hentry"],"_links":{"self":[{"href":"https:\/\/www.veitvogel.de\/CE2\/wp-json\/wp\/v2\/pages\/4700"}],"collection":[{"href":"https:\/\/www.veitvogel.de\/CE2\/wp-json\/wp\/v2\/pages"}],"about":[{"href":"https:\/\/www.veitvogel.de\/CE2\/wp-json\/wp\/v2\/types\/page"}],"author":[{"embeddable":true,"href":"https:\/\/www.veitvogel.de\/CE2\/wp-json\/wp\/v2\/users\/1"}],"replies":[{"embeddable":true,"href":"https:\/\/www.veitvogel.de\/CE2\/wp-json\/wp\/v2\/comments?post=4700"}],"version-history":[{"count":25,"href":"https:\/\/www.veitvogel.de\/CE2\/wp-json\/wp\/v2\/pages\/4700\/revisions"}],"predecessor-version":[{"id":5476,"href":"https:\/\/www.veitvogel.de\/CE2\/wp-json\/wp\/v2\/pages\/4700\/revisions\/5476"}],"wp:attachment":[{"href":"https:\/\/www.veitvogel.de\/CE2\/wp-json\/wp\/v2\/media?parent=4700"}],"curies":[{"name":"wp","href":"https:\/\/api.w.org\/{rel}","templated":true}]}}